{"id":9572,"date":"2019-09-30T16:44:31","date_gmt":"2019-09-30T14:44:31","guid":{"rendered":"http:\/\/cpablitas.educacion.navarra.es\/web\/?page_id=9572"},"modified":"2022-09-27T09:55:22","modified_gmt":"2022-09-27T07:55:22","slug":"erasmus-ka229","status":"publish","type":"page","link":"https:\/\/cpablitas.educacion.navarra.es\/web\/erasmus-ka229\/","title":{"rendered":"Erasmus+"},"content":{"rendered":"\n<div class=\"wp-block-image\"><figure class=\"aligncenter\"><img loading=\"lazy\" width=\"400\" height=\"100\" src=\"http:\/\/cpablitas.educacion.navarra.es\/web\/wp-content\/uploads\/2019\/09\/SEPIE_erasmus_plus.gif\" alt=\"\" class=\"wp-image-9576\"\/><\/figure><\/div>\n\n\n\n<p><\/p>\n\n\n\n<div class=\"wp-block-image\"><figure class=\"aligncenter\"><img loading=\"lazy\" width=\"1024\" height=\"249\" src=\"http:\/\/cpablitas.educacion.navarra.es\/web\/wp-content\/uploads\/2019\/09\/cofinanciado-1024x249.png\" alt=\"\" class=\"wp-image-9578\" srcset=\"https:\/\/cpablitas.educacion.navarra.es\/web\/wp-content\/uploads\/2019\/09\/cofinanciado-1024x249.png 1024w, https:\/\/cpablitas.educacion.navarra.es\/web\/wp-content\/uploads\/2019\/09\/cofinanciado-300x73.png 300w, https:\/\/cpablitas.educacion.navarra.es\/web\/wp-content\/uploads\/2019\/09\/cofinanciado-768x187.png 768w, https:\/\/cpablitas.educacion.navarra.es\/web\/wp-content\/uploads\/2019\/09\/cofinanciado.png 1659w\" sizes=\"(max-width: 1024px) 100vw, 1024px\" \/><\/figure><\/div>\n\n\n\n<hr class=\"wp-block-separator\"\/>\n\n\n\n<p><strong>PROYECTO ERASMUS+ KA122 &#8211; EDUCARTE<\/strong> (2021\/2023)<\/p>\n\n\n\n<p><strong>EducArte<\/strong> es un proyecto que trata de Educar al alumnado en los <strong>valores europeos<\/strong> (el respeto, la tolerancia, las desigualdades, la diversidad sexual, el medioambiente, etc.) a trav\u00e9s de las <strong>Artes Esc\u00e9nicas<\/strong>, usando la expresi\u00f3n oral en espa\u00f1ol y el lenguaje no verbal para la creaci\u00f3n y representaci\u00f3n de peque\u00f1as obras de teatro.<\/p>\n\n\n\n<div class=\"wp-block-image\"><figure class=\"aligncenter size-full\"><a href=\"https:\/\/cpablitas.educacion.navarra.es\/web\/wp-content\/uploads\/2022\/04\/EducArte-Logotipo.png\"><img loading=\"lazy\" width=\"365\" height=\"361\" src=\"https:\/\/cpablitas.educacion.navarra.es\/web\/wp-content\/uploads\/2022\/04\/EducArte-Logotipo.png\" alt=\"\" class=\"wp-image-10120\" srcset=\"https:\/\/cpablitas.educacion.navarra.es\/web\/wp-content\/uploads\/2022\/04\/EducArte-Logotipo.png 365w, https:\/\/cpablitas.educacion.navarra.es\/web\/wp-content\/uploads\/2022\/04\/EducArte-Logotipo-300x297.png 300w\" sizes=\"(max-width: 365px) 100vw, 365px\" \/><\/a><figcaption>Logotipo del proyecto<\/figcaption><\/figure><\/div>\n\n\n\n<p>Para ello contamos con financiaci\u00f3n para realizar <strong>movilidades <\/strong>a los centros de nuestros socios para desarrollar algunas actividades de manera presencial.<\/p>\n\n\n\n<p>Si quieres seguir el desarrollo del proyecto, visita los el <strong>Twinspace<\/strong> del proyecto eTwinning:<\/p>\n\n\n\n<p><a href=\"https:\/\/twinspace.etwinning.net\/200223\/home\">https:\/\/twinspace.etwinning.net\/200223\/home<\/a><\/p>\n\n\n\n<p><strong>Productos Finales:<\/strong> <a href=\"https:\/\/twinspace.etwinning.net\/200223\/pages\/page\/2325837\" target=\"_blank\" rel=\"noreferrer noopener\">https:\/\/twinspace.etwinning.net\/200223\/pages\/page\/2325837<\/a><\/p>\n\n\n\n<p><strong>Curso 2022\/23<\/strong><\/p>\n\n\n\n<p>Acceso al nuevo Twinspace: <a rel=\"noreferrer noopener\" href=\"https:\/\/school-education.ec.europa.eu\/en\/etwinning\/projects\/educarte-0\/twinspace\" target=\"_blank\"><strong>\u00a1 EducArte+ !<\/strong><\/a><\/p>\n\n\n\n<p><strong>(<a href=\"https:\/\/school-education.ec.europa.eu\/es\/pupil-login\" target=\"_blank\" rel=\"noreferrer noopener\">Acceso Alumnado<\/a>)<\/strong><\/p>\n\n\n\n<p class=\"has-text-align-center\">&#8212;&#8212;&#8212;&#8212;&#8212;&#8212;&#8212;&#8212;&#8212;&#8212;&#8212;&#8212;&#8212;&#8212;&#8212;&#8212;&#8212;&#8212;&#8212;&#8212;&#8212;&#8212;&#8211;<\/p>\n\n\n\n<p><strong>PROYECTO ERASMUS+ KA229<\/strong> &#8211; <strong>CANTEMOS CONTRA EL ACOSO<\/strong> (2019\/2021)<\/p>\n\n\n\n<p>El <strong>CPEIP San Babil <\/strong>de Ablitas (Navarra) form\u00f3 parte del proyecto \u00ab<strong><a href=\"https:\/\/twinspace.etwinning.net\/91791\/home\">Cantemos contra el Acoso<\/a><\/strong>\u00bb dentro de la acci\u00f3n clave 229 (<strong>KA229<\/strong>) del programa europeo <strong>Erasmus+<\/strong> junto a un centro coordinador franc\u00e9s (Coll\u00e8ge Gaston Jollet de Salbris) y otro alem\u00e1n (Georg-B\u00fcchner-Gesamtschule de Rodgau) y cofinanciado por la <strong>Uni\u00f3n Europea<\/strong> durante los cursos 2019\/2020 y 2020\/2021.<\/p>\n\n\n\n<div class=\"wp-block-image is-style-default\"><figure class=\"aligncenter size-full\"><a href=\"https:\/\/cpablitas.educacion.navarra.es\/web\/wp-content\/uploads\/2022\/04\/CCA-Logotipo.jpg\"><img loading=\"lazy\" width=\"533\" height=\"400\" src=\"https:\/\/cpablitas.educacion.navarra.es\/web\/wp-content\/uploads\/2022\/04\/CCA-Logotipo.jpg\" alt=\"\" class=\"wp-image-10122\" srcset=\"https:\/\/cpablitas.educacion.navarra.es\/web\/wp-content\/uploads\/2022\/04\/CCA-Logotipo.jpg 533w, https:\/\/cpablitas.educacion.navarra.es\/web\/wp-content\/uploads\/2022\/04\/CCA-Logotipo-300x225.jpg 300w\" sizes=\"(max-width: 533px) 100vw, 533px\" \/><\/a><figcaption>Logotipo del proyecto<\/figcaption><\/figure><\/div>\n\n\n\n<p>Si quieres ver el desarrollo del proyecto, visita los dos <strong>Twinspace<\/strong> de los dos proyectos eTwinning:<\/p>\n\n\n\n<p> \u00ab<strong>Cantemos contra el acoso<\/strong>\u00bb en  <\/p>\n\n\n\n<p><a href=\"https:\/\/twinspace.etwinning.net\/91791\/home\"><strong>https:\/\/twinspace.etwinning.net\/91791\/home<\/strong><\/a><strong> <\/strong><\/p>\n\n\n\n<p>\u00ab<strong>Cantemos contra el acoso y +&#8230;<\/strong>\u00bb en<\/p>\n\n\n\n<p><a href=\"https:\/\/twinspace.etwinning.net\/121128\/home\"><strong>https:\/\/twinspace.etwinning.net\/121128\/home<\/strong><\/a><\/p>\n\n\n\n<p>Tambi\u00e9n puedes cantar nuestra canci\u00f3n:<\/p>\n\n\n\n<p>Canci\u00f3n \u00ab<a rel=\"noreferrer noopener\" aria-label=\"Cantemos contra el acoso (se abre en una nueva pesta\u00f1a)\" href=\"https:\/\/drive.google.com\/file\/d\/1bTJTHmFVYgs7ztryG6RKKbL50FmobILp\/view?usp=sharinghttps:\/\/drive.google.com\/file\/d\/1WxjWHQ7UP7SGKyx2jjMSK3bXUgx2pbJf\/view?usp=sharinghttps:\/\/drive.google.com\/file\/d\/1bTJTHmFVYgs7ztryG6RKKbL50FmobILp\/view?usp=sharing\" target=\"_blank\">Cantemos contra el acoso<\/a>\u00ab<\/p>\n\n\n\n<p><a rel=\"noreferrer noopener\" aria-label=\"Letra de la canci\u00f3n (se abre en una nueva pesta\u00f1a)\" href=\"https:\/\/drive.google.com\/file\/d\/1ETrRb9GXsgEdvTtUvHWs6p10PTCc4Cud\/view?usp=sharing\" target=\"_blank\">Letra de la canci\u00f3n<\/a>.<\/p>\n","protected":false},"excerpt":{"rendered":"<p>PROYECTO ERASMUS+ KA122 &#8211; EDUCARTE (2021\/2023) EducArte es un proyecto que trata de Educar al alumnado en los valores europeos (el respeto, la tolerancia, las desigualdades, la diversidad sexual, el medioambiente, etc.) a trav\u00e9s de las Artes Esc\u00e9nicas, usando la expresi\u00f3n oral en espa\u00f1ol y el lenguaje no verbal para la creaci\u00f3n y representaci\u00f3n de [&hellip;]<\/p>\n","protected":false},"author":6,"featured_media":0,"parent":0,"menu_order":0,"comment_status":"closed","ping_status":"closed","template":"","meta":{"_genesis_hide_title":false,"_genesis_hide_breadcrumbs":false,"_genesis_hide_singular_image":false,"_genesis_hide_footer_widgets":false,"_genesis_custom_body_class":"","_genesis_custom_post_class":"","_genesis_layout":""},"_links":{"self":[{"href":"https:\/\/cpablitas.educacion.navarra.es\/web\/wp-json\/wp\/v2\/pages\/9572"}],"collection":[{"href":"https:\/\/cpablitas.educacion.navarra.es\/web\/wp-json\/wp\/v2\/pages"}],"about":[{"href":"https:\/\/cpablitas.educacion.navarra.es\/web\/wp-json\/wp\/v2\/types\/page"}],"author":[{"embeddable":true,"href":"https:\/\/cpablitas.educacion.navarra.es\/web\/wp-json\/wp\/v2\/users\/6"}],"replies":[{"embeddable":true,"href":"https:\/\/cpablitas.educacion.navarra.es\/web\/wp-json\/wp\/v2\/comments?post=9572"}],"version-history":[{"count":18,"href":"https:\/\/cpablitas.educacion.navarra.es\/web\/wp-json\/wp\/v2\/pages\/9572\/revisions"}],"predecessor-version":[{"id":10264,"href":"https:\/\/cpablitas.educacion.navarra.es\/web\/wp-json\/wp\/v2\/pages\/9572\/revisions\/10264"}],"wp:attachment":[{"href":"https:\/\/cpablitas.educacion.navarra.es\/web\/wp-json\/wp\/v2\/media?parent=9572"}],"curies":[{"name":"wp","href":"https:\/\/api.w.org\/{rel}","templated":true}]}}